ommon factor of w and 2160?
18
Suppose -91 = 14*t - 15*t. Suppose 27*v - 108 - 594 = 0. Calculate the greatest common factor of t and v.
13
Suppose -59*w - 18 = -65*w. Suppose -5*t - 50 = y - 225, -5*t + 475 = w*y. Calculate the highest common factor of 6 and y.
6
Let x be (1/(2/222))/1. Let o(b) = 15*b**2 - 21*b + 37. Let u be o(2). Suppose -20*c = -u*c + 1295. Calculate the highest common divisor of c and x.
37
Suppose -3*a + 286 = -50. Suppose -198 + 38 = -143*m + 133*m. Calculate the highest common divisor of m and a.
16
Suppose 4*a + 5*v - 3*v = -1550, -371 = a - 5*v. Let t = 512 + a. What is the greatest common factor of t and 56?
14
Suppose 0 = 7*q - 3*q - 3*n - 26, -3*n = -q + 11. Let f(h) = 16*h - 60. Let i be f(q). Calculate the greatest common divisor of i and 70.
10
Let b be 3288/(-6)*(-760)/160. Calculate the highest common divisor of b and 38.
19
Let u(l) = -2*l - 28. Let s be u(-8). Let o be ((-16)/s)/(3/54). What is the highest common divisor of o and 48?
24
Suppose 51*d = 56*d - 10. Suppose -d*j = -3*v - 1, 3*v - 24 = -2*j - j. Let a = j - -7. What is the highest common divisor of 12 and a?
12
Let m be (0 - -3) + -3 + 41 + 1. Let t = m + -35. Let i = -17 - -24. Calculate the highest common divisor of t and i.
7
Let o(u) = u**3 + 56*u**2 - 441*u + 148. Let c be o(-63). What is the highest common divisor of c and 592?
148
Let p(x) = 16*x + 59. Let g be p(2). Let w = g - -133. Calculate the highest common divisor of 96 and w.
32
Let k(z) = 18*z + 36. Let n be k(5). Let a be (-46305)/n*4/(-5). Calculate the highest common divisor of a and 84.
42
Let w = -25 + -444. Let l = w + 485. What is the highest common divisor of l and 20?
4
Suppose -782 = -32*t - 11*t - 94. Calculate the highest common factor of 464 and t.
16
Let h = -1472 + 1488. Calculate the greatest common factor of h and 10.
2
Let w be ((-1)/4)/(4*26/(-5408)). Let r(l) = 27*l**2 - l. Let c be r(1). What is the highest common divisor of w and c?
13
Suppose n - 536 = m, -2136 = -4*n - 3*m - m. Let l = 540 - n. What is the highest common factor of l and 440?
5
Let s be 1/(7 - (-349)/(-50)). Suppose -3*k = -p - 215, -35 = -k + 3*p + s. What is the highest common divisor of 50 and k?
10
Let r = 3669 + -3654. Suppose 0*p + 4*p - 24 = 0. Calculate the highest common divisor of p and r.
3
Let g = 3660 + -3304. Calculate the greatest common factor of 89 and g.
89
Let w be 2/((-4)/144*-4) + (-44)/(-11). Calculate the greatest common factor of 2618 and w.
22
Let w(l) = 2*l**3 - 16*l**2 - 12*l - 11. Let f be w(9). Let m = f - -461. Calculate the highest common factor of m and 56.
56
Suppose 0 = -4*k - 3*c + 113, -k + 78*c - 81*c = -17. Let w(t) = t - 10. Let q be w(12). Let p be q/4*24/1. What is the greatest common divisor of p and k?
4
Let d(n) = 34*n + 361. Let h be d(-10). Calculate the greatest common factor of 3801 and h.
21
Suppose 44 = -10*b + 12*b. Let q be (b/55)/((-1)/(-130)). Suppose q - 8 = v. What is the greatest common divisor of v and 110?
22
Let j = -44 + 124. Let w(y) = 3*y**3 + 18*y**2 - 83*y - 8. Let o be w(-9). Calculate the highest common factor of o and j.
10
Suppose 45019 = 9*j - 26423. What is the greatest common divisor of j and 162?
162
Suppose -1728*n + 1724*n + 4566 = -2*j, -2*j - 1134 = -n. Calculate the greatest common divisor of n and 110.
22
Let c be (17*(-21)/(-714))/((-2)/(-16)). Calculate the greatest common factor of 1796 and c.
4
Let k = 60 + -60. Suppose k = 15*a - 51 - 129. Calculate the highest common divisor of a and 36.
12
Suppose 31*o - 4147 = 17088. What is the highest common divisor of o and 55?
5
Let m = -2118 + 2123. Calculate the highest common divisor of 2625 and m.
5
Let h be 50/6 + (-2)/6. Let g = -9825 - -9820. Let b = g + h. Calculate the greatest common divisor of b and 5.
1
Let u(k) = -k**2 - 21*k + 42. Let y be u(-22). Suppose 782 + 658 = 4*b. Suppose -44*d - b = -46*d. Calculate the greatest common divisor of d and y.
20
Let v = -20415 + 20421. Let x be 1/((-1)/(-420)) + 0. Suppose -w = v*w - x. Calculate the greatest common divisor of 20 and w.
20
Let f = -1207 - -1224. Suppose f*p - 9*p - 512 = 0. Suppose -3*d + 4*x = -64, -69 = -4*d - 2*x - 13. What is the greatest common factor of p and d?
16
Let w be (-39)/(3*-1)*(-13 + 2934 + -28). Calculate the greatest common divisor of 143 and w.
143
Suppose -242*a - 15 = -245*a. Suppose u + a = -4*n, 0 = 5*u - 4*n - 23. Let q be (-214)/(-14) + (-2)/7. Calculate the highest common factor of q and u.
3
Let w = 4082 - 4050. Calculate the greatest common factor of 7776 and w.
32
Let z = 1121 - 1028. Let f(n) = 4*n**2 - 6*n - 1. Let h be f(-4). Let v = z - h. Calculate the greatest common factor of v and 12.
6
Let a be (2/(-3))/(5/270). Let o be 2 + -5 - a/9. Suppose 0 = 3*u + 4 - 7. What is the highest common divisor of u and o?
1
Let f = -5446 + 5477. Calculate the greatest common divisor of f and 5239.
31
Suppose 0 = -5*h - j + 30334, 461*j - 464*j + 18210 = 3*h. What is the highest common divisor of h and 54?
18
Let f be 168/14 - (0 - 14). What is the greatest common factor of 19318 and f?
26
Let q(l) = -l**2 - 47*l - 397. Let v be q(-28). What is the highest common divisor of 5 and v?
5
Let a(z) = 13*z**2 + 30*z - 63. Let v be a(15). What is the greatest common factor of v and 96?
48
Let y(o) = 63*o**2 + o - 2. Let j(r) = 8*r**2 - 24*r - 1. Let a be j(3). Let n be y(a). What is the greatest common factor of n and 45?
15
Let y = -1578 + 1603. What is the greatest common factor of 2675 and y?
25
Let p = 4176 - 4159. What is the greatest common divisor of 3417 and p?
17
Suppose 0 = -5*t - 4*u + 1765, -4*u - 1484 = -0*t - 4*t. Let v = -14 + 33. Calculate the greatest common factor of t and v.
19
Let x = 4811 + -4634. What is the greatest common divisor of x and 2301?
177
Suppose 0 = 5*v + w - 704, -5*v - 36 + 738 = 3*w. Suppose 68 - v = -a. Calculate the greatest common factor of a and 1241.
73
Let d(a) = 4780*a - 6315. Let o be d(4). What is the highest common divisor of 65 and o?
65
Let h be (3/10*306)/(3/135*3). What is the highest common factor of h and 51?
51
Suppose 3*t = -2*t - 185. Let g = 11 - t. Let a(c) = 2*c**3 + 105*c**2 - 52*c + 59. Let d be a(-53). Calculate the greatest common divisor of g and d.
6
Suppose 72*n - 37*n = -735. Let p be (-2)/7 - 2064/n. What is the highest common factor of 1666 and p?
98
Let i = -25713 - -25835. Calculate the greatest common factor of 31232 and i.
122
Suppose -5*i - 17 = -2, 2*s + 2*i + 624 = 0. Let c = s - -340. What is the highest common divisor of 93 and c?
31
Let g be (-3)/8 - (-9435)/1480. Calculate the highest common divisor of 954 and g.
6
Let y = -100 + 34. Let c = 87 + y. Let n be (-3)/2*(-476)/c. What is the greatest common factor of 85 and n?
17
Let h(v) = 5*v**2 + 57*v + 308. Let o be h(19). Calculate the greatest common factor of o and 204.
68
Let o = 5 + -3. Suppose -4*f + 5*s = -127, -o*f - s + 56 = -5*s. Suppose 0 = g - p - 46, g - p = -2*p + f. What is the greatest common factor of g and 6?
6
Let n(y) = -y**3 + 4*y**2 + 16*y - 18. Let c be n(4). Calculate the highest common divisor of 1909 and c.
23
Suppose -1248 = -9*r - 4713. Let c = r + 670. What is the greatest common factor of 190 and c?
95
Suppose 4*q - 386 = -5*c, -4*c + 2*q + 12 = -302. Suppose n - 4*w - 7 = 29, -2*w = -3*n + 148. What is the highest common factor of n and c?
26
Let p(i) be the second derivative of i**5/20 - 2*i**4/3 - i**3 - 9*i**2 - 4*i + 4. Let b be p(9). What is the greatest common factor of 117 and b?
9
Suppose -5*f + 3*f + 5*o = -12, -64 = -5*f + 4*o. Let x be (6*2 - 0)*25/(-100). Let q = f - x. Calculate the greatest common factor of q and 19.
19
Let n(b) = 233*b - 4. Let k be n(1). Let s = -144 + k. Let w(f) = 2*f**3 - 5*f**2 - 4*f + 2. Let d be w(4). What is the greatest common factor of s and d?
17
Suppose 11*w + 56 = 13*w. Suppose -2916 = -3*y + 774. Suppose 4*p = 4*o - 7*o + 916, 4*o = -p + y. Calculate the greatest common factor of o and w.
28
Let l be 1*7*(2 + -1). Let g be (-423)/(-39) + 28/182. Suppose -3 = g*t - 14*t. Calculate the highest common factor of t and l.
1
Suppose 33*g = h - 462, 3*h + g - 95 = 191. Suppose -2*d - x + 657 = 0, 2*d = -0*d - 2*x + 654. What is the greatest common divisor of h and d?
33
Let g = -55 -